 factors of 503506423.
7, 71929489
What are the prime factors of 149460213?
3, 7, 19, 374587
List the prime factors of 1024894769.
1024894769
List the prime factors of 5194417.
5194417
What are the prime factors of 57700919?
71, 812689
List the prime factors of 173394073.
101, 199, 8627
What are the prime factors of 64088816?
2, 11, 364141
What are the prime factors of 688269915?
3, 5, 73, 209519
What are the prime factors of 78166960?
2, 5, 977087
List the prime factors of 200718547.
127, 1580461
What are the prime factors of 936551431?
936551431
List the prime factors of 61541746.
2, 7, 283, 317
List the prime factors of 200006668.
2, 31, 1612957
What are the prime factors of 441531380?
2, 5, 29, 761261
What are the prime factors of 718019587?
4127, 173981
List the prime factors of 36736311.
3, 12245437
What are the prime factors of 2020773297?
3, 3343, 201493
What are the prime factors of 144666581?
6007, 24083
List the prime factors of 1018954290.
2, 3, 5, 5807, 5849
List the prime factors of 4493637541.
19, 757, 312427
List the prime factors of 264500971.
7, 5397979
What are the prime factors of 6503804776?
2, 7, 116139371
List the prime factors of 26077675.
5, 13, 80239
List the prime factors of 335356625.
5, 2682853
What are the prime factors of 168678972?
2, 3, 7, 11, 8693
List the prime factors of 211404265.
5, 17, 487, 5107
What are the prime factors of 17044021?
17044021
List the prime factors of 87185714.
2, 7, 11, 61, 9281
What are the prime factors of 1982593789?
11, 353, 510583
What are the prime factors of 5869597804?
2, 7, 209628493
What are the prime factors of 65838991?
487, 135193
What are the prime factors of 2783191506?
2, 3, 463865251
What are the prime factors of 520065129?
3, 2311, 75013
What are the prime factors of 748721?
109, 6869
List the prime factors of 170075889.
3, 31, 317, 641
List the prime factors of 63044766.
2, 3, 47, 74521
List the prime factors of 26349315.
3, 5, 983, 1787
List the prime factors of 60380739.
3, 6708971
What are the prime factors of 3157846440?
2, 3, 5, 7, 3759341
What are the prime factors of 1377657620?
2, 5, 53, 491, 2647
List the prime factors of 167150813.
167150813
What are the prime factors of 2464308764?
2, 616077191
List the prime factors of 263321150.
2, 5, 5266423
List the prime factors of 2483337554.
2, 23, 53985599
What are the prime factors of 125730001?
79, 131, 12149
What are the prime factors of 7689803?
11, 699073
What are the prime factors of 6058481823?
3, 461, 1019, 1433
What are the prime factors of 244811124?
2, 3, 19, 71
List the prime factors of 29892552.
2, 3, 509, 2447
What are the prime factors of 1708892493?
3, 7, 11, 1056829
What are the prime factors of 3004903409?
19, 6829, 23159
What are the prime factors of 357197895?
3, 5, 7937731
List the prime factors of 2305442911.
1009, 2284879
List the prime factors of 1086074487.
3, 137, 97871
List the prime factors of 74545667.
7, 41, 211, 1231
List the prime factors of 12805768.
2, 1600721
List the prime factors of 60212259.
3, 6690251
What are the prime factors of 1016414?
2, 7, 79, 919
List the prime factors of 660028978.
2, 7, 17, 2773231
What are the prime factors of 153045075?
3, 5, 2040601
List the prime factors of 67154305.
5, 47, 285763
What are the prime factors of 1446844810?
2, 5, 577, 250753
List the prime factors of 1458324897.
3, 89, 5461891
What are the prime factors of 154835241?
3, 11, 23, 203999
List the prime factors of 385510418.
2, 19, 10145011
List the prime factors of 58659824.
2, 709, 5171
List the prime factors of 170186085.
3, 5, 23, 164431
What are the prime factors of 28296149?
7, 19, 31, 6863
What are the prime factors of 1934261567?
7, 23, 113, 106319
List the prime factors of 717477693.
3, 37, 107, 193, 313
List the prime factors of 451176287.
29, 15557803
What are the prime factors of 1515971060?
2, 5, 127, 596839
What are the prime factors of 943942754?
2, 41, 1831, 6287
What are the prime factors of 56726679?
3, 18908893
List the prime factors of 406246261.
251, 277, 5843
List the prime factors of 46378749.
3, 41, 127, 2969
List the prime factors of 123743125.
5, 11, 41, 439
List the prime factors of 54118696.
2, 73, 92669
List the prime factors of 55028380.
2, 5, 11, 22739
What are the prime factors of 1342727078?
2, 7, 11, 792637
List the prime factors of 46117885.
5, 11, 167, 5021
List the prime factors of 48704963.
48704963
What are the prime factors of 575276697?
3, 63919633
List the prime factors of 41691792.
2, 3, 29, 61, 491
List the prime factors of 2839149308.
2, 25577, 27751
What are the prime factors of 46717985?
5, 29, 322193
What are the prime factors of 285096750?
2, 3, 5, 380129
List the prime factors of 46211448.
2, 3, 1327, 1451
What are the prime factors of 675590680?
2, 5, 1289, 13103
List the prime factors of 978669739.
978669739
List the prime factors of 286092324.
2, 3, 7, 126143
What are the prime factors of 731460225?
3, 5, 9752803
What are the prime factors of 1589977197?
3, 31, 5698843
What are the prime factors of 24426795?
3, 5, 43, 37871
List the prime factors of 216692265.
3, 5, 43, 335957
List the prime factors of 349757165.
5, 69951433
List the prime factors of 230580675.
3, 5, 13, 19, 461
List the prime factors of 52653954.
2, 3, 8775659
List the prime factors of 1123886370.
2, 3, 5, 577, 64927
What are the prime factors of 22926654?
2, 3, 19, 43, 1559
What are the prime factors of 335921004?
2, 3, 2381, 3919
What are the prime factors of 535800937?
7, 97, 139, 811
What are the prime factors of 968815279?
968815279
List the prime factors of 790614.
2, 3, 11
What are the prime factors of 16714695?
3, 5, 311, 3583
What are the prime factors of 639195179?
7, 71, 1286107
List the prime factors of 140259529.
103, 1361743
List the prime factors of 2055273768.
2, 3, 28545469
List the prime factors of 26905129.
26905129
List the prime factors of 169891219.
2383, 71293
List the prime factors of 2132941886.
2, 37, 73, 127, 3109
List the prime factors of 4209919818.
2, 3, 13, 53973331
What are the prime factors of 218072494?
2, 6379, 17093
List the prime factors of 713020871.
491, 1452181
List the prime factors of 724601566.
2, 13, 27869291
What are the prime factors of 388274066?
2, 3203, 60611
What are the prime factors of 166984715?
5, 23, 53, 27397
List the prime factors of 1391780682.
2, 3, 67, 1154047
What are the prime factors of 13673686?
2, 13, 367, 1433
What are the prime factors of 191817034?
2, 95908517
List the prime factors of 85256403.
3, 2549, 11149
What are the prime factors of 459358787?
7151, 64237
What are the prime factors of 314482692?
2, 3, 193, 135787
What are the prime factors of 580662109?
580662109
What are the prime factors of 21430221?
3, 89, 80263
What are the prime factors of 32351908?
2, 19, 167, 2549
What are the prime factors of 887938218?
2, 3, 43, 211, 5437
List the prime factors of 1018369135.
5, 7, 887, 32803
List the prime factors of 411616142.
2, 7, 23, 283, 4517
List the prime factors of 320962953.
3, 19, 23, 47, 5209
List the prime factors of 4353798062.
2, 2176899031
What are the prime factors of 81199506?
2, 3, 73, 89, 2083
What are the prime factors of 110111533?
7, 17, 925307
What are the prime factors of 680004832?
2, 13, 19, 227, 379
What are the prime factors of 581128740?
2, 3, 5, 79, 40867
List the prime factors of 8469155227.
13, 12113, 53783
What are the prime factors of 57160471?
57160471
List the prime factors of 14480828.
2, 3620207
What are the prime factors of 642812709?
3, 7, 11, 283, 9833
What are the prime factors of 214966021?
214966021
List the prime factors of 119617311.
3, 11, 67, 54101
List the prime factors of 2231249847.
3, 17, 47, 89, 10459
What are the prime factors of 49426887?
3, 1319, 12491
What are the prime factors of 128094010?
2, 5, 11, 19, 167, 367
List the prime factors of 761216504.
2, 95152063
List the prime factors of 1980445398.
2, 3, 61, 5411053
List the prime factors of 30181644.
2, 3, 838379
List the prime factors of 5079564.
2, 3, 7, 6719
What are the prime factors of 6781742829?
3, 29, 541, 48029
What are the prime factors of 50866911?
3, 73, 139, 557
List the prime factors of 3400765539.
3, 157, 317, 22777
List the prime factors of 1303604872.
2, 71, 2295079
What 